{"id":1155,"date":"2018-02-21T16:44:01","date_gmt":"2018-02-21T15:44:01","guid":{"rendered":"http:\/\/anitag.home.amu.edu.pl\/?page_id=1155"},"modified":"2018-11-15T09:32:39","modified_gmt":"2018-11-15T08:32:39","slug":"praktyki","status":"publish","type":"page","link":"http:\/\/anitag.home.amu.edu.pl\/?page_id=1155","title":{"rendered":"Praktyki"},"content":{"rendered":"<p style=\"text-align: left;\"><strong><a href=\"http:\/\/anitag.home.amu.edu.pl\/?attachment_id=1159\" rel=\"attachment wp-att-1159\"><img loading=\"lazy\" class=\"alignleft wp-image-1159\" src=\"http:\/\/anitag.home.amu.edu.pl\/wp-content\/uploads\/2018\/02\/paragraf.jpg\" alt=\"\" width=\"68\" height=\"83\" \/><\/a>Og\u00f3lne zasady organizacji praktyk, obowi\u0105zuj\u0105cy obieg dokumentacji zwi\u0105zany z praktykami i inne wytyczne obowi\u0105zuj\u0105ce na naszym Wydziale znajduje si\u0119 na stronie Wydzia\u0142owej <a href=\"https:\/\/wfpik.amu.edu.pl\/dla-studenta\/organizacja-studiow\/praktyki\">WFPiK<\/a><br \/>\n<\/strong><\/p>\n<p>&nbsp;<\/p>\n<p style=\"text-align: left;\"><strong><a href=\"http:\/\/anitag.home.amu.edu.pl\/?attachment_id=1158\" rel=\"attachment wp-att-1158\"><img loading=\"lazy\" class=\"alignleft wp-image-1158\" src=\"http:\/\/anitag.home.amu.edu.pl\/wp-content\/uploads\/2018\/02\/organizacja.jpg\" alt=\"\" width=\"102\" height=\"73\" \/><\/a>Szczeg\u00f3\u0142owe instrukcje praktyki <\/strong><strong>w szko\u0142ach znajduj\u0105 si\u0119 na stronie <a href=\"http:\/\/jerzykan-dydaktyka.home.amu.edu.pl\/dokumenty.htm\">ZDLiJP<\/a><br \/>\n<\/strong><\/p>\n<p>&nbsp;<\/p>\n<p>&nbsp;<\/p>\n<p>&nbsp;<\/p>\n<p>&nbsp;<\/p>\n<p>&nbsp;<\/p>\n","protected":false},"excerpt":{"rendered":"<p>Og\u00f3lne zasady organizacji praktyk, obowi\u0105zuj\u0105cy obieg dokumentacji zwi\u0105zany z praktykami i inne wytyczne obowi\u0105zuj\u0105ce na naszym Wydziale znajduje si\u0119 na stronie Wydzia\u0142owej WFPiK &nbsp; Szczeg\u00f3\u0142owe instrukcje praktyki w szko\u0142ach znajduj\u0105 si\u0119 na stronie ZDLiJP &nbsp; &nbsp; &nbsp; &nbsp; &nbsp;<\/p>\n","protected":false},"author":1,"featured_media":0,"parent":0,"menu_order":4,"comment_status":"closed","ping_status":"closed","template":"","meta":[],"_links":{"self":[{"href":"http:\/\/anitag.home.amu.edu.pl\/index.php?rest_route=\/wp\/v2\/pages\/1155"}],"collection":[{"href":"http:\/\/anitag.home.amu.edu.pl\/index.php?rest_route=\/wp\/v2\/pages"}],"about":[{"href":"http:\/\/anitag.home.amu.edu.pl\/index.php?rest_route=\/wp\/v2\/types\/page"}],"author":[{"embeddable":true,"href":"http:\/\/anitag.home.amu.edu.pl\/index.php?rest_route=\/wp\/v2\/users\/1"}],"replies":[{"embeddable":true,"href":"http:\/\/anitag.home.amu.edu.pl\/index.php?rest_route=%2Fwp%2Fv2%2Fcomments&post=1155"}],"version-history":[{"count":0,"href":"http:\/\/anitag.home.amu.edu.pl\/index.php?rest_route=\/wp\/v2\/pages\/1155\/revisions"}],"wp:attachment":[{"href":"http:\/\/anitag.home.amu.edu.pl\/index.php?rest_route=%2Fwp%2Fv2%2Fmedia&parent=1155"}],"curies":[{"name":"wp","href":"https:\/\/api.w.org\/{rel}","templated":true}]}}